ase 15?
-1cd
1886 (base 14) to base 16
114e
What is -4061 (base 8) in base 7?
-6054
-1202122 (base 4) to base 15
-1ced
-40b (base 16) to base 14
-53d
434444 (base 5) to base 3
202120112
Convert -1835 (base 11) to base 8.
-4441
What is -38728 (base 10) in base 2?
-1001011101001000
What is 87 (base 11) in base 15?
65
-18c4 (base 14) to base 4
-1012010
1000122212 (base 3) to base 13
9242
Convert -c088 (base 14) to base 15.
-9bd3
Convert -314043 (base 5) to base 3.
-112102202
Convert 2d6 (base 15) to base 16.
28b
Convert -1012303 (base 4) to base 5.
-121111
What is 81 (base 14) in base 4?
1301
What is -11012011 (base 3) in base 10?
-3055
What is 266 (base 10) in base 4?
10022
What is 6a91 (base 11) in base 14?
3560
Convert b32 (base 16) to base 12.
17aa
11323 (base 5) to base 13
4c6
What is 10156 (base 7) in base 6?
15311
What is 15168 (base 9) in base 8?
24155
-10a8 (base 11) to base 10
-1449
-2774 (base 14) to base 13
-3227
What is 615 (base 13) in base 11?
859
What is 163 (base 16) in base 15?
18a
Convert 10526 (base 7) to base 8.
5152
What is -2053 (base 8) in base 10?
-1067
Convert 8ab (base 13) to base 11.
1138
Convert -9a (base 11) to base 3.
-11001
-8885 (base 10) to base 4
-2022311
-110220 (base 3) to base 15
-183
Convert 10647 (base 9) to base 13.
32c5
What is -120001 (base 3) in base 4?
-12112
Convert -41 (base 15) to base 11.
-56
2367 (base 12) to base 16
f7f
What is 1002112 (base 4) in base 3?
12211021
Convert -2221 (base 6) to base 3.
-201011
What is -2432 (base 11) in base 10?
-3181
-2121022 (base 3) to base 10
-1898
What is -744 (base 8) in base 9?
-587
-1212 (base 7) to base 16
-1c2
Convert -12111110 (base 4) to base 15.
-7a45
7e (base 16) to base 12
a6
Convert -1010001101000010 (base 2) to base 4.
-22031002
Convert 110 (base 14) to base 2.
11010010
What is -66383 (base 9) in base 2?
-1010110000011010
Convert -154 (base 11) to base 5.
-1210
-5771 (base 10) to base 6
-42415
7135 (base 9) to base 11
3a12
Convert 12366 (base 7) to base 9.
4446
What is 507 (base 8) in base 6?
1303
Convert -102200 (base 3) to base 7.
-630
What is 101101110 (base 2) in base 4?
11232
54311 (base 6) to base 12
4397
What is -43345 (base 10) in base 2?
-1010100101010001
Convert 100115 (base 6) to base 14.
2bcb
Convert -45a5 (base 12) to base 15.
-2472
-8a1 (base 11) to base 12
-75b
Convert -27a3 (base 12) to base 16.
-11eb
Convert 2300010 (base 4) to base 6.
124100
What is -1707 (base 13) in base 12?
-1b63
Convert -6e4 (base 16) to base 2.
-11011100100
What is -373 (base 13) in base 16?
-259
Convert 470 (base 14) to base 16.
372
11221 (base 4) to base 9
441
10010101110 (base 2) to base 3
1122101
Convert 12202 (base 7) to base 6.
22431
-539 (base 13) to base 7
-2414
-9b1 (base 15) to base 12
-1327
What is -b9 (base 15) in base 6?
-450
Convert -2851 (base 12) to base 7.
-16420
What is 123423 (base 5) in base 15?
1693
What is -3115 (base 6) in base 7?
-2012
1495 (base 13) to base 8
5663
What is -110001010101010 (base 2) in base 15?
-773d
Convert -868 (base 15) to base 12.
-1122
Convert -2647 (base 8) to base 11.
-10a6
Convert 670 (base 14) to base 13.
770
What is -2013 (base 5) in base 3?
-100120
Convert 1001101100 (base 2) to base 16.
26c
What is -535e (base 15) in base 4?
-10103213
What is -74 (base 16) in base 11?
-a6
-105530 (base 6) to base 3
-110102100
-6102 (base 8) to base 11
-23a3
Convert -12012 (base 6) to base 8.
-3310
1134 (base 6) to base 8
422
4331 (base 5) to base 12
413
What is 20717 (base 8) in base 9?
12776
3262 (base 13) to base 8
15541
105365 (base 7) to base 12
a9b8
What is 246 (base 9) in base 16?
cc
-10504 (base 6) to base 16
-5c8
What is -1442 (base 11) in base 9?
-2487
Convert 5372 (base 14) to base 13.
6734
What is 504 (base 16) in base 15?
5a9
-12231212 (base 4) to base 3
-1101201022
201110 (base 4) to base 14
ac4
2a6 (base 14) to base 8
1032
-333321 (base 4) to base 8
-7771
What is -10590 (base 11) in base 9?
-23040
4a0 (base 12) to base 7
2013
Convert -7172 (base 11) to base 9.
-14044
-11122 (base 6) to base 8
-3032
What is c50 (base 15) in base 14?
1023
What is -404014 (base 6) in base 11?
-22031
What is -130 (base 6) in base 4?
-312
What is 30336 (base 7) in base 10?
7377
What is -789 (base 14) in base 5?
-21433
What is -1000110000111 (base 2) in base 9?
-6135
What is -2036 (base 8) in base 3?
-1110001
Convert 185 (base 10) to base 16.
b9
1423 (base 10) to base 7
4102
What is 7577 (base 11) in base 3?
111201121
-773 (base 8) to base 11
-421
What is -1422443 (base 5) in base 6?
-345420
What is -10020 (base 4) in base 15?
-129
-114025 (base 6) to base 15
-2e38
-1b0a (base 12) to base 2
-110011111010
-2200221 (base 3) to base 14
-a09
Convert -114500 (base 7) to base 5.
-1131300
Convert -1122022 (base 3) to base 8.
-2254
Convert -3507 (base 10) to base 3.
-11210220
What is 8088 (base 11) in base 14?
3cb6
What is -4734 (base 8) in base 14?
-cc4
What is -28247 (base 10) in base 7?
-145232
Convert 442 (base 7) to base 3.
22101
Convert 3413 (base 8) to base 10.
1803
-303434 (base 5) to base 12
-5865
Convert -1001004 (base 5) to base 3.
-210121111
Convert 9c (base 14) to base 12.
b6
What is 6477 (base 14) in base 10?
17353
32b (base 13) to base 2
1000100000
Convert -a81 (base 12) to base 4.
-120001
What is 1543 (base 14) in base 16?
ec7
What is 4999 (base 10) in base 7?
20401
What is -214 (base 11) in base 10?
-257
What is -22e9 (base 16) in base 12?
-5209
What is 100122012 (base 3) in base 9?
10565
10111011011011 (base 2) to base 6
131311
What is 5 (base 14) in base 8?
5
What is 14103 (base 5) in base 9?
1521
2b3 (base 15) to base 2
1001101010
213431 (base 5) to base 16
1cc6
-1210 (base 6) to base 4
-10212
-1a1 (base 12) to base 10
-265
-11434 (base 6) to base 4
-122032
Convert 13163 (base 11) to base 5.
1100244
c9c8 (base 13) to base 12
14295
Convert 412013 (base 5) to base 14.
4c3d
Convert 22202 (base 3) to base 8.
354
6841 (base 9) to base 16
13c3
What is -1b (base 15) in base 3?
-222
1175 (base 8) to base 14
337
Convert -2504 (base 6) to base 13.
-385
3041 (base 6) to base 11
562
What is -4222 (base 5) in base 16?
-232
6 (base 15) to base 16
6
Convert 1230013 (base 5) to base 9.
35527
-1605 (base 15) to base 9
-6435
4573 (base 11) to base 16
1779
30305 (base 7) to base 3
101002102
What is 9a48 (base 13) in base 5?
1142043
-4667 (base 10) to base 8
-11073
What is -10221112 (base 3) in base 10?
-2876
What is bdc (base 14) in base 3?
10020001
Convert 2102 (base 5) to base 14.
15b
Convert 10010110100001010 (base 2) to base 3.
10220201022
Convert 889 (base 12) to base 15.
58c
What is -4024 (base 10) in base 5?
-112044
Convert 200144 (base 5) to base 16.
189b
What is -10111010001 (base 2) in base 3?
-2001011
Convert 13115 (base 11) to base 7.
105504
What is -1b0 (base 16) in base 14?
-22c
-14423 (base 5) to base 8
-2326
Convert -10221231 (base 4) to base 2.
-100101001101101
What is 5537 (base 9) in base 11?
3083
What is 20a3 (base 14) in base 11?
425a
What is 13633 (base 8) in base 6?
43551
What is 14010 (base 5) in base 3?
1112212
What is 1151 (base 6) in base 9?
344
38d3 (base 14) to base 5
304420
What is 5262 (base 7) in base 13?
acb
Convert -10112133 (base 4) to base 10.
-17823
-10014 (base 5) to base 3
-212111
Convert -2332 (base 13) to base 3.
-20210001
-154023 (base 6) to base 14
-5731
-1203140 (base 5) to base 16
-5717
What is 220401 (base 5) in base 12?
4495
What is 776 (base 9) in base 10?
636
What is -369 (base 15) in base 10?
-774
Convert 2200 (base 8) to base 3.
1120200
-12131 (base 4) to base 2
-110011101
What is -2a4 (base 15) in base 16?
-25c
Convert 15c4 (base 13) to base 8.
6202
-1310 (base 7) to base 16
-1f1
Convert 30323131 (base 4) to base 15.
10a57
Convert -b23 (base 13) to base 2.
-11101100000
-160 (base 11) to base 15
-c7
What is -659b (base 12) in base 7?
-44450
10010110010 (base 2) to base 16
4b2
25e2 (base 16) to base 13
4550
What is -2353 (base 6) in base 9?
-706
What is -10110000001 (base 2) in base 5?
-21114
What is 6495 (base 10) in base 2?
1100101011111
-192a (base 12) to base 6
-22054
Convert -366b (base 12) to base 3.
-22102002
26511 (base 10) to base 16
678f
-210214 (base 6) to base 5
-1020210
What is -1a44a (base 12) in base 15?
-b6ba
41a9 (base 11) to base 3
21122002
-933 (base 13) to base 16
-61b
